 (10 - 3)
-5
Evaluate -5 - 0 - (-26 - -31) - -7.
-3
What is the value of 0 + (1 + 1 - 6) - -6?
2
Evaluate -3 + 8 + -10 + (8 - -3).
6
Calculate 2 - (10 + 4 + -6).
-6
0 + 0 + 22 + -25 - -5
2
What is 2 - (3 + -3 - (1 - 1))?
2
Evaluate 6 + -3 - 7 - (2 - 1).
-5
Evaluate 5 - ((4 - (-2 + 0)) + -1).
0
What is (8 - 6) + (7 - 0) + -1?
8
Calculate 5 + -1 + -10 + (-4 - -5).
-5
What is the value of 0 - ((10 - 3) + 0)?
-7
0 - 4 - (-2 + 1) - 2
-5
Evaluate -9 + (8 - (2 + 4 - 6)).
-1
-14 - (4 + -17 + 7)
-8
Evaluate -1 - (0 - -5 - 5).
-1
What is the value of -6 + 2 + 3 + -4?
-5
Evaluate 2 - 1 - -3 - (4 + -4).
4
7 + 0 - (-47 + 50)
4
Calculate (-4 + 7 - 2) + -1.
0
Calculate -6 - (0 + (4 - 15)).
5
What is the value of -4 - (7 + (-3 - -1) + -1)?
-8
Calculate -9 - -15 - (4 + 4).
-2
Calculate 4 - (-2 - (-6 - 7)).
-7
What is 0 - (4 - (12 + -8))?
0
Calculate (-5 - -6) + -3 + (1 - 3).
-4
0 + 3 - (-38 + 38)
3
What is the value of -10 + (10 - 3 - (3 + 2))?
-8
2 + -6 + 13 + -5 + -1
3
Calculate -1 + 3 - (3 + -1) - -6.
6
(1 - (-5 - -15)) + (0 - -2)
-7
What is the value of -7 + (-1 - (-5 + 1)) + -5?
-9
Evaluate -11 - (-27 + 10) - (10 + -1).
-3
What is -8 + (0 - (7 + -14))?
-1
What is the value of (-7 - -13) + -8 - 2?
-4
Calculate -4 - -3 - (1 - (-4 - -3)).
-3
What is 0 - (4 + (-2 - 1 - 6))?
5
Evaluate 0 - (1 + -5 + (-2 - -11)).
-5
What is the value of -2 + (1 - -1) + 6 + -2?
4
4 + (5 - (10 + -5))
4
Evaluate 9 + -1 + 0 + -3.
5
1 + 4 + 3 - 7 - -5
6
Calculate 3 + -1 + 1 - (0 - 0).
3
Calculate -6 + (0 - -4 - (9 + -17)).
6
What is -1 + (2 - 1) + (-120 - -125)?
5
Calculate 3 + (-6 - (-4 - 0)).
1
Evaluate 6 + 0 + 0 - 10.
-4
Calculate 8 + 0 - (-1 - (-2 - 3)).
4
What is the value of -5 - (-1 - 6) - 0?
2
What is 7 - (-3 - -4) - 10 - -5?
1
Calculate (6 - (7 + -3)) + 2.
4
What is 2 + (2 - -2) + -6?
0
4 + 2 + (7 - 17)
-4
Calculate -3 + (2 - 4 - -3) + 0.
-2
Calculate 12 + (-2 - -3) - (-74 - -80).
7
3 + -1 - -1 - 5
-2
What is the value of -7 - ((-14 - -5) + 3) - -6?
5
(-4 - 1) + 1 - (0 - 7)
3
5 + -6 + -2 + 6
3
What is 6 - (-4 + (-2 - -15))?
-3
Calculate 7 - (21 + -14 + 3 + 3).
-6
(3 - 5) + 3 + 4
5
What is -7 - (-1 + -3) - (-2 + -1)?
0
What is (-9 + 6 + -6 - -3) + 5?
-1
What is the value of 0 - (-2 - (-1 - 6))?
-5
Calculate -2 - (5 + 2 + 0 + -4).
-5
What is 7 - 17 - -13 - (-2 + 16)?
-11
Evaluate -6 + -10 + 0 + 12.
-4
Evaluate -14 + (3 - -5 - 0).
-6
What is 88 + -92 - (-4 + 1)?
-1
-1 - (1 + 2 - (-2 - -6))
0
Evaluate (-5 - (3 + -9)) + 1.
2
What is 0 + -15 - (-4 - (-12 - -14))?
-9
Calculate -3 + 11 + -6 + -1 + 1.
2
-6 - (4 + -8) - -3
1
Evaluate 1 + 1 - (-17 - -21) - -6.
4
What is the value of 12 + -15 - (-1 + -2) - 4?
-4
Calculate 2 + -3 + (6 - 7) + 2.
0
What is the value of (84 - 82) + -3 + (-1 - -1)?
-1
What is 4 + (1 - 2) + -2?
1
Evaluate 2 - (29 - 35 - (2 - 13)).
-3
What is (-11 - -12) + (-3 - (-3 + 4))?
-3
Evaluate -4 - (1 + (-10 - -4) + 2).
-1
Evaluate 5 + -5 + (-1 - -1).
0
Calculate 5 - 0 - (-8 + -2 - -14).
1
What is (7 + -8 + -4 - 2) + 3?
-4
Calculate 5 + (-5 - (0 + 4)) + 2.
-2
What is (-2 + -1 - 0) + 4?
1
-6 + (8 - (12 + -5))
-5
What is -8 + -1 - (-1 - (5 - 1))?
-4
Calculate 0 + 2 + 1 - 2.
1
Evaluate 0 + -6 - (4 - 8).
-2
Evaluate -1 - -4 - (20 - 12) - -6.
1
Calculate 7 + (4 - 4) + (6 - 14).
-1
What is the value of 0 - 4 - -6 - (2 - 3)?
3
Evaluate -4 + (-1 - -4) + 2 + 1.
2
What is -1 - (3 - (4 + -4))?
-4
Evaluate -3 + 0 - (-177 + 165).
9
What is the value of (-7 - -7) + 0 + 2?
2
What is 1 - (6 - (2 - -2))?
-1
Evaluate -11 + -11 + 6 + 5.
-11
Evaluate -2 - (1 + (3 - 2) + -6).
2
Calculate 11 - (-4 + 1 - -5).
9
Calculate 0 + (9 - 2) + -7.
0
What is 0 + -5 - (-29 - (-22 + 6))?
8
-6 - -4 - (-3 + -5 + 4)
2
Evaluate -3 + 1 + 5 + -2.
1
Calculate -7 + -1 - (-5 + 1).
-4
What is the value of 9 + -5 - (0 - (2 + -6))?
0
Evaluate -16 + 4 + (-4 - -14).
-2
Evaluate -3 - ((-8 - 3) + 3).
5
Evaluate 3 + (1 - 1) + (-5 - -1).
-1
-4 + (-7 + 4 - -6)
-1
Evaluate -2 + 0 - (-14 + 6 + 9).
-3
Evaluate 9 - (10 - (-2 + -2)).
-5
Evaluate -24 - -18 - (-9 + 1).
2
(0 - 9) + 14 + -11 + -1
-7
What is -7 + (-3 + 22 - 1) - 1?
10
What is the value of 2 + (-5 + 3 - 2) + -2?
-4
What is -1 + 5 + -2 + (-13 - -10)?
-1
1 + -1 + 0 - (-2 + -3)
5
What is -6 + 8 + -5 + -1?
-4
Calculate (4 - (5 + -1)) + -2.
-2
Evaluate (4 - (10 + -2)) + 1 - 1.
-4
What is -9 - (1 - 16) - 6?
0
(-5 - -1) + (-1 - -1)
-4
What is (-7 - -1) + -1 + (-2 - -6)?
-3
What is -14 + -7 + 3 + 13?
-5
Evaluate -5 + (-3 - -11) - -5.
8
What is the value of 3 + 4 + -12 - (-7 - 0)?
2
What is the value of 13 + -13 + 7 + 0?
7
What is the value of 1 + -1 - 4 - (-2 + 4)?
-6
What is the value of -14 + (32 + -33 - (-8 - -2))?
-9
-7 + 12 - (-2 + 5)
2
Calculate -5 + (-10 - 0 - -22).
7
Evaluate 4 + (3 - 9 - (2 - 10)).
6
What is the value of 48 + -46 - (-7 - -2)?
7
-8 + -7 - (6 + (3 - 16))
-8
What is 1 - -3 - (15 - 13)?
2
What is the value of -2 + 7 - (-2 + (8 - 4))?
3
What is 2 + 1 + -2 + -4?
-3
What is 0 + -1 + 1 - (1 + -4)?
3
Calculate -3 + 2 + (-13 - -9).
-5
What is the value of -5 - (-7 - (1 - 0 - 7))?
-4
Evaluate 4 + 0 + -4 + -10 + 4.
-6
Evaluate -8 + 0 - (-6 + 4 + -1).
-5
What is 4 - (-10 + 16 - (4 + 0))?
2
Calculate 3 - 2 - (28 - 29).
2
Calculate 4 + -3 + -1 + (1 - 5).
-4
Calculate -5 + 4 - (0 + -1).
0
Evaluate 6 + -5 + (3 - 3).
1
What is the value of 0 + 6 - (-5 + (5 - 1))?
7
0 + -6 + (15 - 5)
4
What is (-1 - -3) + (1 - -1) - 3?
1
What is the value of (1 - 4) + 0 + (13 - 13)?
-3
What is -23 + 19 + 5 + 1?
2
0 + -7 + (-2 - (-5 + 1))
-5
Calculate 2 - ((-1 - -3) + -3) - -2.
5
Evaluate 6 - 7 - (-1 - 3).
3
What is the value of 4 - (6 - (-3 + 0 + 3))?
-2
Calculate -1 - (-5 - (-5 + 3)).
2
Calculate -9 - (-12 + 4 + -5).
4
Calculate -3 + 3 - (0 + -5 - -2).
3
Calculate 0 - (-8 + 4) - (0 + 4).
0
Evaluate 1 + -2 - (-3 + 3 + 4).
-5
-6 + (3 + -2 - 1) + 6
0
What is 7 - 11 - (0 + 0 + -1)?
-3
What is 19 - 12 - 2 - (0 + 7)?
-2
Calculate 2 + -2 + (1 - -2) + -6.
-3
-5 + (11 - 8) + -5
-7
What is the value of -7 + 1 - (-13 + 13) - 2?
-8
What is -2 - 3 - (-24 - -14)?
5
What is 2 + (-2 - (5 - 0))?
-5
What is the value of 12 + -8 - (5 - 1) - -1?
1
Evaluate (4 - -3) + -11 + 10.
6
Evaluate 4 + -7 + 0 - -7.
4
4 + (3 + -4 - 6 - -1)
-2
(8 + 27 - 13) + -11
11
Evaluate 7 + (-3 - -1 - 0).
5
Evaluate (42 - 34) + -3 + -1 + -3.
1
What is the value of -8 + (-3 - -6 - -3) - -3?
1
-2 + (1 - 5) + 7
1
Evaluate 3 + (9 - 13) + 3.
2
Evaluate (-11 - -6) + 8 - 4.
-1
6 + 1 + (18 + -3 - 14)
8
What is 2 + 3 + -6 + 3 + -5?
-3
1 + 7 + (-15 - -13)
6
-4 + 1 + 5 - 6
-4
Evaluate 4 + (-7 - (-7 + 7)) + -1.
-4
Evaluate 0 - (6 - (2 - 1 - -2)).
-3
Calculate -3 + 5 + -1 - 2.
-1
Calculate (-5 - 0) + 2 + 2.
-1
What is the value of -5 - (-1 + (-6 - (-4 - 5)))?
-7
Calculate 9 + (-7 - -4) + (-14 - -6).
-2
Calculate 2 - (-4 + 4 + -4 + 1).
5
What is the value of -4 + 1 + -1 - -2?
-2
What is the value of -3 - (1 + -2 - -1)?
-3
What is (5 - 1 - 2) + (-6 - -4)?
0
Calculate 9 + (10 - (4 + 8)).
7
Calculate 0 + -1 - (18 + -10).
-9
What is the value of 5 + -5 + -5 + 1 - -5?
1
What is the value of 5 - (5 + (-1 - -1))?
0
What is 3 + -4 - -7 - 4?
2
Calculate -2 + (-6 - 1 - -5).
-4
Evaluate 3 - (3 - (3 + 1)).
4
5 + -13 + (10 - 3 - 1)
-2
(-1 - (-5 + 7)) + -1
-4
What is the value of -1 - -7 - (4 + -1 - -1)?
2
-4 + 2 + -3 + 0
-5
Evaluate 3 + -2 + 0 + (-3 - 1).
-3
What is the value of (-6 - 2) + -13 - -12?
-9
What is 2 - (-1 + (-5 - -4))?
4
-5 + (2 - 1) + (-7 - -8)
-3
What is the value of -5 + (4 - 2) - -7 - 1?
3
What is the value of 5 + 0 + (9 - 23) + 12?
3
What is 7 - 5 - -7 - 11?
-2
15 + -4 + -5 + -1
5
Evaluate 2 - (-19 + 14 - (0 + -2)).
5
What is 0 + 1 + 3 - 5?
-1
What is the value of (5 - (-5 - (0 + -5))) + -2?
3
What is 3 + (5 - 6 - -1)?
3
What is 2 + 0 + -1 + (21 - 18)?
4
What is 1 + (-7 + 13 - 5)?
2
What is the value of -4 + (-7 + 7 - -5)?
1
-1 + 2 + -15 + 14
0
Evaluate -10 + 8 + 10 + -5.
3
Evaluate -6 - -2 - (-7 + 2 + -2).
3
What is the value of -18 - -28 - (5 + 1)?
4
Evaluate 1 - 4 - ((10 - -2) + -15).
0
What is 5 - 10 - (-3 + 2 + -3)?
-1
What is the value of 2 + (0 - (-3 + 8))?
-3
Evaluate -2 - (0 + -9 + 3).
4
What is -2 - (-9 - -6) - -3?
4
-1 + 9 - (2 - 4 - -5)
5
What is the value of -3 + 11 + -2 + -4?
2
(-15 - -23) + (-1 - -1)
8
Evaluate (5 - -4) + -8 - -3.
4
Evaluate 1 + (5 - -2 - 5 - -2).
5
8 + -1 + 1 + 2 + -17
-7
What is (0 - 0) + -7 + 8